 - 95. Suppose -b = c + 3*c + 18, 3*b + 2*c + 14 = 0. Calculate the remainder when z is divided by (b + (-8)/16)*12/(-3).
9
Let v = -4926 - -1389. What is the remainder when v/6*(48/18)/(-4) is divided by 36?
33
Let f = 0 + 3. Suppose -f*l = 5*r - 627, 2*l - 192 = l + 4*r. Calculate the remainder when l is divided by 23.
20
Suppose -28*k + 35*k = 161. Suppose 3*t - 77 + k = 0. Suppose -3*i = -3*m + t + 3, -5*m + 33 = -3*i. What is the remainder when 15 is divided by m?
3
Let l be (20*4/8)/((-2)/1). Let r(o) = -66*o - 9. Let q be r(l). Suppose s - m = 321, -4*m + q = -0*s + s. What is the remainder when s is divided by 54?
51
Calculate the remainder when 1308 + 529/(-23) - 0 is divided by 267.
217
What is the remainder when 7950 is divided by 70/(-14) - (405/(-21) - 4/(-14))?
12
Let g(c) = c**2 + 9*c + 45. Calculate the remainder when 3615 is divided by g(-11).
64
Suppose 0 = -5*d + 38 - 8. Suppose 0 = -d*t + 73 + 53. Let l = t + -6. Calculate the remainder when 88 is divided by l.
13
Suppose -114*p + 115*p - 246 = 0. Suppose 6*a = -p - 246. Let v = a - -90. What is the remainder when 53 is divided by v?
5
Suppose -5*l = -2*x - 1197, 3*x + 1193 = 961*l - 956*l. Calculate the remainder when l is divided by 61.
58
Let j = -8 + 11. Let y = -5243 - -5254. Let d = j + y. Calculate the remainder when 55 is divided by d.
13
Let r = 5027 + -4817. Calculate the remainder when r is divided by 101.
8
Let p = 416654 - 416641. Let d be (-2)/2*(-11 - 1). What is the remainder when (-4)/(0 + (-1)/d) is divided by p?
9
Suppose 2*w - 3*u - 40 = -2*w, w - 9 = u. What is the remainder when 504 is divided by w?
10
Suppose 0 = -14*l + 12*l - 196. Let c = 20 - l. What is the remainder when c is divided by 60?
58
Let m = 3064 + -2844. What is the remainder when m is divided by 47?
32
Let u(r) = 247*r - 1931. Calculate the remainder when u(9) is divided by 42.
40
Let z = 51 + -27. Calculate the remainder when 7084/(-2277) - 856/(-9) is divided by z.
20
Let p(i) = -2*i - 32. Let b be p(7). What is the remainder when 24 is divided by 3/(-4)*(b + 34)?
6
Suppose 3*o + 0*o = 42. Suppose -5*f + 5*c = -4*f - 110, -2*f = 5*c - 115. What is the remainder when f is divided by o?
5
Let a(k) = k**3 + 32*k**2 + 152*k + 37. What is the remainder when a(-16) is divided by 12?
9
Let s = 105 + -96. Suppose s*b + 3 = 102. Let r = -59 + 99. Calculate the remainder when r is divided by b.
7
Let n(k) = -k**2 + 20*k - 31. Let i = -12 + 20. What is the remainder when n(i) is divided by 28?
9
Let g(j) = -j + 73. Suppose 52*d - 161 = 45*d. Calculate the remainder when 248 is divided by g(d).
48
Suppose -2*d = 2*d - 1710 + 1594. Let x be -1*(-9)/6*32. Let v = -33 + x. Calculate the remainder when d is divided by v.
14
Suppose 0 = -20*w + 30*w + 7*w - 4063. What is the remainder when w is divided by 90?
59
Suppose 0 = 7*t - 4*t - 21. Let f be 3730/(-35) - (-9)/(-21). Let d = 117 + f. What is the remainder when d is divided by t?
3
Suppose -38*f + 1984 + 3336 = 0. Calculate the remainder when f is divided by 81.
59
Let o = 1279 - 1113. Calculate the remainder when o is divided by 47.
25
Calculate the remainder when 879 is divided by (37/((-1665)/(-30)))/((-15600)/7803 + 2).
12
Suppose -19 = 4*j + 1. Let o be (42/35)/(2/j). Calculate the remainder when (-12)/(9/o) - -12 is divided by 6.
4
Let w(h) = 2*h**2 - 8. Let k(b) = 3*b + 102. Let c be k(26). Suppose -10*l - c = -20*l. What is the remainder when w(6) is divided by l?
10
Suppose 189 = -7*y + 7077 - 84. What is the remainder when y is divided by 64?
12
Let x(w) = 5*w + 156. Calculate the remainder when x(-16) is divided by 393/10 + (-21)/70.
37
Let c = -155 + 157. Let u(i) = i**3 - 8*i**2 + 9*i + 1. Let m be u(7). Suppose -5*y + m = -0*y. What is the remainder when y is divided by c?
1
Let h(q) = 18 + 511*q**3 + 3*q - q**2 + 2*q - 512*q**3. Calculate the remainder when 53 is divided by h(0).
17
Suppose 35*g + 138*g = 4215 + 789509. Calculate the remainder when g is divided by 27.
25
Suppose 27*f = 32*f - 35. Suppose 6*u = f*u - 21. Suppose 0 = 5*g - 4*i - 2, 2*i - 2 = 4*g - 6. What is the remainder when u is divided by g?
1
Suppose -m + 2 = -6. Let f(v) = 5*v**2 - 43*v - 1. Let i be f(13). Let t = -254 + i. What is the remainder when t is divided by m?
7
Let v be ((-1)/3)/(2/12). What is the remainder when (24/(-9) - v)*192/(-8) is divided by 11?
5
Let j be (1*(-2)/5)/((-1)/10). Suppose -7 = j*y + 5, 5*x - 310 = -5*y. Suppose 0 = -5*d - 0*d + x. What is the remainder when 35 is divided by d?
9
Suppose -4*j - 2 = -6, 0 = -2*l + j - 331. Let g = l - -345. Suppose 4*m - 262 = -3*c, -2*c - 3*m = m - g. Calculate the remainder when c is divided by 17.
14
Suppose -2*t + 406 = 3*q - 7*t, 0 = -q + t + 132. Let g = q + -122. Calculate the remainder when 47 is divided by g.
2
Let a = 526 + -492. Suppose -789 = -53*h - 153. What is the remainder when a is divided by h?
10
Suppose 7100145 = 426*a + 2034472 - 3616633. What is the remainder when a is divided by 13?
10
Suppose -4*o + 4*n = -252, -n = -3*o - 5*n + 168. Let d = -94 + -49. Let q = 167 + d. Calculate the remainder when o is divided by q.
12
Suppose 0 = 13*s + 76*s + 3*s - 55476. What is the remainder when 1218 is divided by s?
12
Let l = 2956 + -2777. Calculate the remainder when l is divided by 91.
88
Suppose -100*g + 101*g = 6. Let l(z) = -z + 2. Let k be l(8). Let m(q) = -q - 3. Calculate the remainder when g is divided by m(k).
0
Let b = -980 - -1274. What is the remainder when b is divided by 138?
18
Suppose 26910 = 2480*w - 2246*w. Calculate the remainder when w is divided by 141/4 + 4/(-16).
10
Let i be -2*5/20 + (-14)/4. Let l(d) = -13*d - 19. Suppose -2*k + 5*v + 44 = 0, -v - 9 = 5*k - 65. Calculate the remainder when l(i) is divided by k.
9
Suppose 24932 = 81*r - 42379. What is the remainder when r is divided by 163?
16
Let c = 147 + -147. Suppose c = 6*q + q - 63. Calculate the remainder when 40 is divided by q.
4
Let y(i) = -403*i + 10001. Calculate the remainder when y(20) is divided by 29.
27
Let t(a) = 6*a**2 + 1735*a - 6717. Let g = -17 - -82. Calculate the remainder when g is divided by t(-293).
21
Suppose -22*u = -59 - 7. Suppose 3*l - 32 = -2*s - l, 2 = l. What is the remainder when -2 - (-7)/(7/s) is divided by u?
1
Suppose -18 = -31*a + 28*a - 2*c, -4*c = 5*a - 34. What is the remainder when 153 is divided by a?
1
Let l = 1382 + -1359. What is the remainder when 999 is divided by l?
10
Let k(l) = 2*l - 16. Let f be k(11). Suppose -n - 76 = -f*n - j, 3*n = 5*j + 68. Calculate the remainder when 55 is divided by n - ((-20)/6 - (-2)/6).
17
Let h(o) = -9*o - 4. Let n be h(-1). Suppose n*w - 83 = 97. What is the remainder when 207 is divided by w?
27
Let p be 2 + 5948/(-44) + (-8)/(-44). Let q = p + 193. What is the remainder when q is divided by 16?
12
Suppose 0 = -q + 2*q + 7. Let r be (12/q)/((-11)/(693/6)). Calculate the remainder when 2/((r/(-321))/(-3)) is divided by 36.
35
Let o = 77 + -57. Let m = 25 - o. Suppose m*b + 11 = -l, 6*l + 3*b - 33 = l. What is the remainder when 43 is divided by l?
7
Let k(v) = 21*v**2 + 29*v - 29. What is the remainder when k(1) is divided by (-126)/(-12)*((-10)/6 - -3)?
7
Let u(k) = -3*k + 670. Calculate the remainder when u(32) is divided by 573.
1
Let g = -15122 + 15226. What is the remainder when 779 is divided by g?
51
Suppose -759 = -29*d + 40*d. Let t = -35 - d. What is the remainder when t is divided by 27?
7
Let u be (-2)/(-2)*(-39 - -37). Calculate the remainder when 26 is divided by ((-3)/4)/((-140)/64 - u).
2
What is the remainder when 81 is divided by 75 - 77 - (-3 - 127)/2?
18
Suppose 27*l = -14*l + 10865. Calculate the remainder when l is divided by 88 - (7 - (-16)/(-2)).
87
Suppose 0 = 119*s - 137515 - 73591. What is the remainder when s is divided by 37?
35
Suppose 2*t = 5*l - 112, -l = -t + 4*l - 46. Calculate the remainder when 67 is divided by 8/(-36)*6 - 616/t.
3
Let b(f) = f**3 - 5*f**2 + 11*f - 18. Let m be b(4). Suppose -g + 23 = 6*a - 2*a, 0 = -2*g - m. What is the remainder when 117 is divided by a?
5
Let q(z) = 83*z - 502. Calculate the remainder when 555 is divided by q(7).
2
Let u be (((-18)/5)/(-1))/((-2)/10). Calculate the remainder when 13/(585/u) - (-404)/10 is divided by 14.
12
Let j(s) = -1 + s - 2*s -